{"version":"1.0","provider_name":"KOMVak","provider_url":"https:\/\/komvak.sk\/hu\/","title":"Kab\u00e1tfalu \u2013 jelentkezzen 2023 j\u00fanius\u00e1ig a legegyszer\u0171bb csatlakoz\u00e1s\u00e9rt &#8226; KOMVak","type":"rich","width":600,"height":338,"html":"<blockquote class=\"wp-embedded-content\" data-secret=\"SKvSjGdNY6\"><a href=\"https:\/\/komvak.sk\/hu\/kabatfalu-jelentkezzen-2023-juniusaig-a-legegyszerubb-csatlakozasert\/\">Kab\u00e1tfalu \u2013 jelentkezzen 2023 j\u00fanius\u00e1ig a legegyszer\u0171bb csatlakoz\u00e1s\u00e9rt<\/a><\/blockquote><iframe sandbox=\"allow-scripts\" security=\"restricted\" src=\"https:\/\/komvak.sk\/hu\/kabatfalu-jelentkezzen-2023-juniusaig-a-legegyszerubb-csatlakozasert\/embed\/#?secret=SKvSjGdNY6\" width=\"600\" height=\"338\" title=\"&#8220;Kab\u00e1tfalu \u2013 jelentkezzen 2023 j\u00fanius\u00e1ig a legegyszer\u0171bb csatlakoz\u00e1s\u00e9rt&#8221; &#8212; KOMVak\" data-secret=\"SKvSjGdNY6\" frameborder=\"0\" marginwidth=\"0\" marginheight=\"0\" scrolling=\"no\" class=\"wp-embedded-content\"><\/iframe><script type=\"text\/javascript\">\n\/* <![CDATA[ *\/\n\/*! This file is auto-generated *\/\n!function(d,l){\"use strict\";l.querySelector&&d.addEventListener&&\"undefined\"!=typeof URL&&(d.wp=d.wp||{},d.wp.receiveEmbedMessage||(d.wp.receiveEmbedMessage=function(e){var t=e.data;if((t||t.secret||t.message||t.value)&&!\/[^a-zA-Z0-9]\/.test(t.secret)){for(var s,r,n,a=l.querySelectorAll('iframe[data-secret=\"'+t.secret+'\"]'),o=l.querySelectorAll('blockquote[data-secret=\"'+t.secret+'\"]'),c=new RegExp(\"^https?:$\",\"i\"),i=0;i<o.length;i++)o[i].style.display=\"none\";for(i=0;i<a.length;i++)s=a[i],e.source===s.contentWindow&&(s.removeAttribute(\"style\"),\"height\"===t.message?(1e3<(r=parseInt(t.value,10))?r=1e3:~~r<200&&(r=200),s.height=r):\"link\"===t.message&&(r=new URL(s.getAttribute(\"src\")),n=new URL(t.value),c.test(n.protocol))&&n.host===r.host&&l.activeElement===s&&(d.top.location.href=t.value))}},d.addEventListener(\"message\",d.wp.receiveEmbedMessage,!1),l.addEventListener(\"DOMContentLoaded\",function(){for(var e,t,s=l.querySelectorAll(\"iframe.wp-embedded-content\"),r=0;r<s.length;r++)(t=(e=s[r]).getAttribute(\"data-secret\"))||(t=Math.random().toString(36).substring(2,12),e.src+=\"#?secret=\"+t,e.setAttribute(\"data-secret\",t)),e.contentWindow.postMessage({message:\"ready\",secret:t},\"*\")},!1)))}(window,document);\n\/\/# sourceURL=https:\/\/komvak.sk\/wp-includes\/js\/wp-embed.min.js\n\/* ]]> *\/\n<\/script>\n","thumbnail_url":"https:\/\/komvak.sk\/wp-content\/uploads\/komvak-nova-osada-1.jpg","thumbnail_width":1200,"thumbnail_height":844,"description":"A KOMVaK &#8211; Kom\u00e1rom v\u00e1ros v\u00edz- \u00e9s csatornam\u0171vei, rt. 2022 \u0151sz\u00e9n befejezte a f\u00f6ldmunk\u00e1kat Kab\u00e1tfalu v\u00e1rosr\u00e9szben, \u201ePr\u00edvod a rozvod vody Nov\u00e1 Osada \u2013 mestsk\u00e1 \u010das\u0165 Kom\u00e1rno\u201c, ahol ki\u00e9p\u00edtett\u00fck az \u00faj v\u00edzvezet\u00e9k-h\u00e1l\u00f3zatot k\u00f6r\u00fclbel\u00fcl 4300 m\u00e9ter hossz\u00fas\u00e1gban. Az els\u0151, 2250 m hossz\u00fas\u00e1g\u00fa szakasz 2021-ben elk\u00e9sz\u00fclt \u00e9s m\u00e1r haszn\u00e1lathat\u00f3. V\u00e1llalatunk megkezdte a v\u00edzhaszn\u00e1lati enged\u00e9ly \u2013 \u00e9p\u00edtkez\u00e9si enged\u00e9ly \u2013 [...]"}

Kabátfalu – jelentkezzen 2023 júniusáig a legegyszerűbb csatlakozásért &#8226; KOMVak

<blockquote class="wp-embedded-content" data-secret="SKvSjGdNY6"><a href="https://komvak.sk/hu/kabatfalu-jelentkezzen-2023-juniusaig-a-legegyszerubb-csatlakozasert/">Kabátfalu – jelentkezzen 2023 júniusáig a legegyszerűbb csatlakozásért</a></blockquote><iframe sandbox="allow-scripts" security="restricted" src="https://komvak.sk/hu/kabatfalu-jelentkezzen-2023-juniusaig-a-legegyszerubb-csatlakozasert/embed/#?secret=SKvSjGdNY6" width="600" height="338" title="&#8220;Kabátfalu – jelentkezzen 2023 júniusáig a legegyszerűbb csatlakozásért&#8221; &#8212; KOMVak" data-secret="SKvSjGdNY6" frameborder="0" marginwidth="0" marginheight="0" scrolling="no" class="wp-embedded-content"></iframe><script type="text/javascript">
/* <![CDATA[ */
/*! This file is auto-generated */
!function(d,l){"use strict";l.querySelector&&d.addEventListener&&"undefined"!=typeof URL&&(d.wp=d.wp||{},d.wp.receiveEmbedMessage||(d.wp.receiveEmbedMessage=function(e){var t=e.data;if((t||t.secret||t.message||t.value)&&!/[^a-zA-Z0-9]/.test(t.secret)){for(var s,r,n,a=l.querySelectorAll('iframe[data-secret="'+t.secret+'"]'),o=l.querySelectorAll('blockquote[data-secret="'+t.secret+'"]'),c=new RegExp("^https?:$","i"),i=0;i<o.length;i++)o[i].style.display="none";for(i=0;i<a.length;i++)s=a[i],e.source===s.contentWindow&&(s.removeAttribute("style"),"height"===t.message?(1e3<(r=parseInt(t.value,10))?r=1e3:~~r<200&&(r=200),s.height=r):"link"===t.message&&(r=new URL(s.getAttribute("src")),n=new URL(t.value),c.test(n.protocol))&&n.host===r.host&&l.activeElement===s&&(d.top.location.href=t.value))}},d.addEventListener("message",d.wp.receiveEmbedMessage,!1),l.addEventListener("DOMContentLoaded",function(){for(var e,t,s=l.querySelectorAll("iframe.wp-embedded-content"),r=0;r<s.length;r++)(t=(e=s[r]).getAttribute("data-secret"))||(t=Math.random().toString(36).substring(2,12),e.src+="#?secret="+t,e.setAttribute("data-secret",t)),e.contentWindow.postMessage({message:"ready",secret:t},"*")},!1)))}(window,document);
//# sourceURL=https://komvak.sk/wp-includes/js/wp-embed.min.js
/* ]]> */
</script>

A KOMVaK &#8211; Komárom város víz- és csatornaművei, rt. 2022 őszén befejezte a földmunkákat Kabátfalu városrészben, „Prívod a rozvod vody Nová Osada – mestská časť Komárno“, ahol kiépítettük az új vízvezeték-hálózatot körülbelül 4300 méter hosszúságban. Az első, 2250 m hosszúságú szakasz 2021-ben elkészült és már használatható. Vállalatunk megkezdte a vízhasználati engedély – építkezési engedély – [...]
